{"id":26,"date":"2020-09-17T14:37:46","date_gmt":"2020-09-17T11:37:46","guid":{"rendered":"http:\/\/benliyaylasi.com\/?page_id=26"},"modified":"2022-01-28T22:09:45","modified_gmt":"2022-01-28T19:09:45","slug":"iletisim","status":"publish","type":"page","link":"https:\/\/benliyaylasi.com\/?page_id=26","title":{"rendered":"\u0130leti\u015fim"},"content":{"rendered":"\n<p><\/p>\n\n\n\n<p>Yay\u0131nlanmas\u0131n\u0131 istedi\u011finiz foto\u011fraflar\u0131 bize g\u00f6nderebilirsiniz.<\/p>\n\n\n\n<p>Benli Yaylas\u0131<\/p>\n\n\n\n<p>\u0130leti\u015fim: ademturcin@gmail.com<\/p>\n","protected":false},"excerpt":{"rendered":"<p>Yay\u0131nlanmas\u0131n\u0131 istedi\u011finiz foto\u011fraflar\u0131 bize g\u00f6nderebilirsiniz. Benli Yaylas\u0131 \u0130leti\u015fim: ademturcin@gmail.com<\/p>\n","protected":false},"author":1,"featured_media":0,"parent":0,"menu_order":0,"comment_status":"closed","ping_status":"closed","template":"","meta":{"_monsterinsights_skip_tracking":false,"_monsterinsights_sitenote_active":false,"_monsterinsights_sitenote_note":"","_monsterinsights_sitenote_category":0},"aioseo_notices":[],"_links":{"self":[{"href":"https:\/\/benliyaylasi.com\/index.php?rest_route=\/wp\/v2\/pages\/26"}],"collection":[{"href":"https:\/\/benliyaylasi.com\/index.php?rest_route=\/wp\/v2\/pages"}],"about":[{"href":"https:\/\/benliyaylasi.com\/index.php?rest_route=\/wp\/v2\/types\/page"}],"author":[{"embeddable":true,"href":"https:\/\/benliyaylasi.com\/index.php?rest_route=\/wp\/v2\/users\/1"}],"replies":[{"embeddable":true,"href":"https:\/\/benliyaylasi.com\/index.php?rest_route=%2Fwp%2Fv2%2Fcomments&post=26"}],"version-history":[{"count":4,"href":"https:\/\/benliyaylasi.com\/index.php?rest_route=\/wp\/v2\/pages\/26\/revisions"}],"predecessor-version":[{"id":118,"href":"https:\/\/benliyaylasi.com\/index.php?rest_route=\/wp\/v2\/pages\/26\/revisions\/118"}],"wp:attachment":[{"href":"https:\/\/benliyaylasi.com\/index.php?rest_route=%2Fwp%2Fv2%2Fmedia&parent=26"}],"curies":[{"name":"wp","href":"https:\/\/api.w.org\/{rel}","templated":true}]}}